{"id":7054,"date":"2024-06-28T06:31:36","date_gmt":"2024-06-28T06:31:36","guid":{"rendered":"https:\/\/etssa.edu.ba\/?page_id=7054"},"modified":"2026-04-10T09:15:06","modified_gmt":"2026-04-10T09:15:06","slug":"oglasna-ploca","status":"publish","type":"page","link":"https:\/\/etssa.edu.ba\/?page_id=7054","title":{"rendered":"OGLASNA PLO\u010cA"},"content":{"rendered":"<p style=\"text-align: center;\"><strong><a href=\"https:\/\/etssa.edu.ba\/wp-content\/uploads\/2026\/04\/IV-Izmjena-Plana-pisanih-provjera-znanja-II-polugodiste.pdf\">IV Izmjena Plana pisanih provjera znanja II polugodi\u0161te<\/a><\/strong><\/p>\n<p style=\"text-align: center;\"><strong><a href=\"https:\/\/etssa.edu.ba\/wp-content\/uploads\/2026\/04\/III-Izmjena-Plana-pisanih-provjera-znanja-II-polugodiste.pdf\">III Izmjena Plana pisanih provjera znanja II polugodi\u0161te<\/a><\/strong><\/p>\n<p style=\"text-align: center;\"><strong><a href=\"https:\/\/etssa.edu.ba\/wp-content\/uploads\/2026\/03\/II-Izmjena-Plana-pisanih-provjera-znanja-II-polugodiste.pdf\">II Izmjena Plana pisanih provjera znanja II polugodi\u0161te<\/a><\/strong><\/p>\n<p style=\"text-align: center;\"><strong><a href=\"https:\/\/etssa.edu.ba\/wp-content\/uploads\/2026\/03\/Lista-prijavljenih-kandidata-za-stipendiju-2.pdf\">Lista prijavljenih kandidata za stipendiju <\/a><\/strong><\/p>\n<p style=\"text-align: center;\"><strong><a href=\"https:\/\/etssa.edu.ba\/wp-content\/uploads\/2026\/02\/CESTITKA.pdf\">\u010cESTITKA<\/a><\/strong><\/p>\n<p style=\"text-align: center;\"><a href=\"https:\/\/etssa.edu.ba\/wp-content\/uploads\/2026\/02\/Izmjena-plana-Pisanih-provjera-znanja.pdf\"><strong>Izmjena plana Pisanih provjera znanja<\/strong><\/a><\/p>\n<p style=\"text-align: center;\"><a href=\"https:\/\/etssa.edu.ba\/wp-content\/uploads\/2026\/01\/Kalendar-pisanih-provjera-znanja-II-polugodiste-2025-2026.xlsx\"><strong>Kalendar-pisanih-provjera-znanja- II polugodiste 2025-2026<\/strong><\/a><\/p>\n<p style=\"text-align: center;\"><a href=\"https:\/\/etssa.edu.ba\/wp-content\/uploads\/2025\/12\/Informacija-roditeljima-i-ucenicima.pdf\"><strong>Informacija roditeljima i u\u010denicima<\/strong><\/a><\/p>\n<p style=\"text-align: center;\"><a href=\"https:\/\/etssa.edu.ba\/wp-content\/uploads\/2025\/12\/Informacija-ucenicima-podjela-Uvjerenja.pdf\"><strong>Informacija u\u010denicima &#8211; podjela Uvjerenja<\/strong><\/a><\/p>\n<p style=\"text-align: center;\"><a href=\"https:\/\/etssa.edu.ba\/wp-content\/uploads\/2025\/12\/Raspored-polaganja-ispita-za-uslovno-redovne-ucenike-i-vanrednog-ucenika.pdf\"><strong>Raspored polaganja ispita za uslovno -redovne u\u010denike i vanrednog u\u010denika<\/strong><\/a><\/p>\n<p style=\"text-align: center;\"><strong><a href=\"https:\/\/etssa.edu.ba\/wp-content\/uploads\/2025\/11\/Javni-oglas-SO-srednje-skole-novembar-2025.pdf\">Javni oglas \u0160O srednje \u0161kole novembar 2025.<\/a><\/strong><\/p>\n<p style=\"text-align: center;\"><a href=\"https:\/\/etssa.edu.ba\/wp-content\/uploads\/2025\/11\/Informacija-uslovno-redovno-upisanim-ucenicima.pdf\"><strong>Informacija uslovno-redovno upisanim u\u010denicima<\/strong><\/a><\/p>\n<p style=\"text-align: center;\"><strong><a href=\"https:\/\/etssa.edu.ba\/wp-content\/uploads\/2025\/11\/Kalendar-pisanih-provjera-znanja-I-polugodiste-2025-2026-za-web1.xlsx\">Kalendar-pisanih-provjera-znanja- I polugodi\u0161te 2025-2026 <\/a><\/strong><\/p>\n<p style=\"text-align: center;\"><a href=\"https:\/\/etssa.edu.ba\/wp-content\/uploads\/2025\/11\/25.-novembar-DAN-DRZAVNOSTI.pdf\"><strong>25. novembar DAN DR\u017dAVNOSTI<\/strong><\/a><\/p>\n<p style=\"text-align: center;\"><a href=\"https:\/\/etssa.edu.ba\/wp-content\/uploads\/2025\/11\/Ispravka-konkursa.pdf\"><strong>Ispravka konkursa<\/strong><\/a><\/p>\n<p style=\"text-align: center;\"><strong><a href=\"https:\/\/etssa.edu.ba\/wp-content\/uploads\/2025\/11\/Konkurs_za_prijem_radnika_u_OS_SS_KS_241.pdf\">Konkurs_za_prijem_radnika_u_OS_SS_KS_<\/a><\/strong><\/p>\n<p style=\"text-align: center;\"><a href=\"https:\/\/etssa.edu.ba\/wp-content\/uploads\/2025\/08\/Informacija-o-pocetku-nastave.pdf\"><strong>Informacija o po\u010detku nastave<\/strong><\/a><\/p>\n<p style=\"text-align: center;\"><strong><a href=\"https:\/\/etssa.edu.ba\/wp-content\/uploads\/2025\/07\/PREDAJA-DOKUMENATA-ZA-UPIS-II-UPISNI-ROK.pdf\">PREDAJA DOKUMENATA ZA UPIS &#8211; II UPISNI ROK<\/a><\/strong><\/p>\n<p style=\"text-align: center;\"><strong><a href=\"https:\/\/etssa.edu.ba\/wp-content\/uploads\/2025\/07\/II-UPISNI-ROK-RANG-LISTA-ELEKTROMEHANICAR.pdf\">II UPISNI ROK RANG LISTA &#8211; ELEKTROMEHANI\u010cAR<\/a><\/strong><\/p>\n<p style=\"text-align: center;\"><strong><a href=\"https:\/\/etssa.edu.ba\/wp-content\/uploads\/2025\/06\/PREDAJA-DOKUMENATA-ZA-UPIS-U-PRVI-RAZRED-2.pdf\">PREDAJA DOKUMENATA ZA UPIS U PRVI RAZRED <\/a><\/strong><\/p>\n<p style=\"text-align: center;\"><strong><a href=\"https:\/\/etssa.edu.ba\/wp-content\/uploads\/2025\/06\/ELEKTROTEHNICAR-ENERGETIKE-RANG-LISTA-PRIMLJENIH-KANDIDATA.pdf\">ELEKTROTEHNI\u010cAR ENERGETIKE &#8211; RANG LISTA PRIMLJENIH KANDIDATA<\/a><\/strong><\/p>\n<p style=\"text-align: center;\"><strong><a href=\"https:\/\/etssa.edu.ba\/wp-content\/uploads\/2025\/06\/ELEKTROMEHANICAR-RANG-LISTA-PRIMLJENIH-KANDIDATA.pdf\">ELEKTROMEHANI\u010cAR &#8211; RANG LISTA PRIMLJENIH KANDIDATA<\/a><\/strong><\/p>\n<p style=\"text-align: center;\"><strong><a href=\"https:\/\/etssa.edu.ba\/wp-content\/uploads\/2025\/06\/ELEKTROINSTALATER-RANG-LISTA-PRIMLJENIH-KANDIDATA.pdf\">ELEKTROINSTALATER &#8211; RANG LISTA PRIMLJENIH KANDIDATA<\/a><\/strong><\/p>\n<p style=\"text-align: center;\"><strong><a href=\"https:\/\/etssa.edu.ba\/wp-content\/uploads\/2025\/06\/ELEKTROENERGETICAR-RANG-LISTA-PRIMLJENIH-KANDIDATA.pdf\">ELEKTROENERGETI\u010cAR -RANG LISTA PRIMLJENIH KANDIDATA<\/a><\/strong><\/p>\n<p style=\"text-align: center;\"><strong><a href=\"https:\/\/etssa.edu.ba\/wp-content\/uploads\/2025\/06\/Raspored-polaganja-poravnih-ispita-za-redovne-ucenike-avgust-2025.pdf\">Raspored polaganja poravnih ispita za redovne u\u010denike avgust 2025<\/a><\/strong><\/p>\n<p style=\"text-align: center;\"><strong><a href=\"https:\/\/etssa.edu.ba\/wp-content\/uploads\/2025\/06\/Raspored-polaganja-maturskih-i-zavrsnih-ispita-za-redovne-ucenike-avgust-2025.pdf\">Raspored polaganja maturskih i zavr\u0161nih ispita za redovne u\u010denike avgust 2025<\/a><\/strong><\/p>\n<p style=\"text-align: center;\"><a href=\"https:\/\/etssa.edu.ba\/wp-content\/uploads\/2025\/06\/OBAVJESTENJE-KURBAN-BAJRAM.pdf\"><strong>OBAVJE\u0160TENJE &#8211; KURBAN BAJRAM<\/strong><\/a><\/p>\n<p style=\"text-align: center;\"><a href=\"https:\/\/etssa.edu.ba\/wp-content\/uploads\/2025\/05\/Raspored-maturskih-i-zavrsnih-ispita-za-ucenike-zavrsnih-razreda-u-junskom-ispitnom-roku.pdf\"><strong>Raspored maturskih i zavr\u0161nih ispita za u\u010denike zavr\u0161nih razreda u junskom ispitnom roku<\/strong><\/a><\/p>\n<p style=\"text-align: center;\"><strong><a href=\"https:\/\/etssa.edu.ba\/wp-content\/uploads\/2025\/05\/Raspored-polaganja-popravnih-ispita-zavrsnih-razreda1.pdf\">Raspored polaganja popravnih ispita zavr\u0161nih razreda<\/a><\/strong><\/p>\n<p style=\"text-align: center;\"><strong><a href=\"https:\/\/etssa.edu.ba\/wp-content\/uploads\/2025\/04\/Obavjestenje-2.pdf\">Obavje\u0161tenje <\/a><\/strong><\/p>\n<p style=\"text-align: center;\"><a href=\"https:\/\/etssa.edu.ba\/wp-content\/uploads\/2025\/04\/Raspored-polaganja-ispita-za-uslono-redovne-ucenike0001.pdf\"><strong>Raspored polaganja ispita za uslono redovne u\u010denike<\/strong><\/a><\/p>\n<p style=\"text-align: center;\"><strong><a href=\"https:\/\/etssa.edu.ba\/wp-content\/uploads\/2025\/04\/Raspored-polaganja-ispita-za-vanredne-kandidata0001.pdf\">Raspored polaganja ispita za vanredne kandidata<\/a><\/strong><\/p>\n<p style=\"text-align: center;\"><strong><a href=\"https:\/\/etssa.edu.ba\/wp-content\/uploads\/2025\/02\/Tekst-javnog-konkursa-02-20251.pdf\">Tekst javnog konkursa 02 &#8211; 2025<\/a><\/strong><\/p>\n<p style=\"text-align: center;\"><strong><a href=\"https:\/\/etssa.edu.ba\/wp-content\/uploads\/2025\/01\/Kalendar-pisanih-provjera-znanja-II-polugodiste-2024-2025-za-web.xlsx\">Kalendar-pisanih-provjera-znanja- II polugodi\u0161te 2024-2025 <\/a><\/strong><\/p>\n<p style=\"text-align: center;\"><a href=\"https:\/\/etssa.edu.ba\/wp-content\/uploads\/2025\/01\/Obavijest-za-uslovno-redovne-ucenike-i-vanredne-kandidate.pdf\"><strong>Obavijest za uslovno redovne u\u010denike i vanredne kandidate<\/strong><\/a><\/p>\n<p style=\"text-align: center;\"><strong><a href=\"https:\/\/etssa.edu.ba\/wp-content\/uploads\/2025\/01\/Raspored-polaganja-maturskih-ispita-za-vanredne-kandidate.pdf\">Raspored polaganja maturskih ispita za vanredne kandidate<\/a><\/strong><\/p>\n<p style=\"text-align: center;\"><strong><a href=\"https:\/\/etssa.edu.ba\/wp-content\/uploads\/2025\/01\/Raspored-polaganja-ispita-za-vanredne-kandidate-2.pdf\">Raspored polaganja ispita za vanredne kandidate <\/a><\/strong><\/p>\n<p style=\"text-align: center;\"><strong><a href=\"https:\/\/etssa.edu.ba\/wp-content\/uploads\/2025\/01\/Raspored-polaganja-ispita-za-uslovno-redovne-ucenike.pdf\">Raspored polaganja ispita za uslovno-redovne u\u010denike<\/a><\/strong><\/p>\n<p style=\"text-align: center;\"><strong><a href=\"https:\/\/etssa.edu.ba\/wp-content\/uploads\/2024\/12\/Obavjestenje-ucenicima1.pdf\">Obavje\u0161tenje u\u010denicima<\/a><\/strong><\/p>\n<p style=\"text-align: center;\"><a href=\"https:\/\/etssa.edu.ba\/wp-content\/uploads\/2024\/12\/Bozic-25.12.2024.pdf\"><strong>Bo\u017ei\u0107, 25.12.2024.<\/strong><\/a><\/p>\n<p style=\"text-align: center;\"><strong><a href=\"https:\/\/mo.ks.gov.ba\/javni-oglasi-pozivi\/javni-oglas-za-izbor-i-imenovanje-na-upraznjene-pozicije-predsjednika-i-clana-u\">https:\/\/mo.ks.gov.ba\/javni-oglasi-pozivi\/javni-oglas-za-izbor-i-imenovanje-na-upraznjene-pozicije-predsjednika-i-clana-u<\/a><\/strong><\/p>\n<p style=\"text-align: center;\"><a href=\"https:\/\/etssa.edu.ba\/wp-content\/uploads\/2024\/12\/INSTRUKTIVNA-DECEMBAR-2024.pdf\"><strong>INSTRUKTIVNA, DECEMBAR 2024.<\/strong><\/a><\/p>\n<p style=\"text-align: center;\"><strong><a href=\"https:\/\/etssa.edu.ba\/wp-content\/uploads\/2024\/12\/Konkurs-2024-2025.god_.pdf\">Konkurs 2024-2025.god.<\/a><\/strong><\/p>\n<p style=\"text-align: center;\"><a href=\"https:\/\/etssa.edu.ba\/wp-content\/uploads\/2024\/11\/Cestitka-za-Dan-drzavnosti.pdf\"><strong>\u010cestitka za Dan dr\u017eavnosti<\/strong><\/a><\/p>\n<p style=\"text-align: center;\"><a href=\"https:\/\/etssa.edu.ba\/wp-content\/uploads\/2024\/11\/25.novembar-Dan-Drzavnosti.pdf\"><strong>25.novembar Dan Dr\u017eavnosti<\/strong><\/a><\/p>\n<p style=\"text-align: center;\"><a href=\"https:\/\/etssa.edu.ba\/wp-content\/uploads\/2024\/11\/Obavijest0002.pdf\"><strong>Obavijest<\/strong><\/a><\/p>\n<p style=\"text-align: center;\"><a href=\"https:\/\/etssa.edu.ba\/wp-content\/uploads\/2024\/10\/Stipendije-2024-2025.pdf\"><strong>Stipendije 2024-2025.<\/strong><\/a><\/p>\n<p style=\"text-align: center;\"><a href=\"https:\/\/etssa.edu.ba\/wp-content\/uploads\/2024\/09\/Kalendar-pisanih-provjera-znanja-I-polugodiste-2024-2025.g.xlsx\"><strong>Kalendar-pisanih-provjera-znanja- I polugodi\u0161te 2024-2025.g.<\/strong><\/a><\/p>\n<p style=\"text-align: center;\"><strong><a href=\"https:\/\/etssa.edu.ba\/wp-content\/uploads\/2024\/08\/Obavjestenje-o-pocetku-nastave.pdf\">Obavje\u0161tenje o po\u010detku nastave<\/a><\/strong><\/p>\n<p style=\"text-align: center;\"><a href=\"https:\/\/etssa.edu.ba\/wp-content\/uploads\/2024\/06\/Predaja-dokumenata-za-upis-u-prvi-razred.pdf\"><strong>Predaja dokumenata za upis u prvi razred<\/strong><\/a><\/p>\n<p style=\"text-align: center;\"><a href=\"https:\/\/etssa.edu.ba\/wp-content\/uploads\/2024\/06\/RANG-LISTA-PRIMLJENIH-KANDIDATA-ELEKTROTEHNICAR-ENERGETIKE1.pdf\"><strong>RANG LISTA PRIMLJENIH KANDIDATA &#8211; ELEKTROTEHNI\u010cAR ENERGETIKE<\/strong><\/a><\/p>\n<p style=\"text-align: center;\"><strong><a href=\"https:\/\/etssa.edu.ba\/wp-content\/uploads\/2024\/06\/RANG-LISTA-PRIMLJENIH-KANDIDATA-ELEKTROINSTALATER.pdf\">RANG LISTA PRIMLJENIH KANDIDATA &#8211; ELEKTROINSTALATER<\/a><\/strong><\/p>\n<p style=\"text-align: center;\"><strong><a href=\"https:\/\/etssa.edu.ba\/wp-content\/uploads\/2024\/06\/RANG-LISTA-PRIMLJENIH-KANDIDATA-ELEKTROENERGETICAR1.pdf\">RANG LISTA PRIMLJENIH KANDIDATA &#8211; ELEKTROENERGETI\u010cAR<\/a><\/strong><\/p>\n<p style=\"text-align: center;\"><a href=\"https:\/\/etssa.edu.ba\/wp-content\/uploads\/2024\/06\/RANG-LISTA-PRIMLJENIH-KANDIDATA-ELEKTROMEHANICAR.pdf\"><strong>RANG LISTA PRIMLJENIH KANDIDATA &#8211; ELEKTROMEHANI\u010cAR<\/strong><\/a><\/p>\n<p>&nbsp;<\/p>\n<p>&nbsp;<\/p>\n","protected":false},"excerpt":{"rendered":"<p>IV Izmjena Plana pisanih provjera znanja II polugodi\u0161te III Izmjena Plana pisanih provjera znanja II polugodi\u0161te II Izmjena Plana pisanih provjera znanja II polugodi\u0161te Lista prijavljenih kandidata za stipendiju \u010cESTITKA Izmjena plana Pisanih provjera znanja Kalendar-pisanih-provjera-znanja- II polugodiste 2025-2026 Informacija roditeljima i u\u010denicima Informacija u\u010denicima &#8211; podjela Uvjerenja Raspored polaganja ispita za uslovno -redovne u\u010denike &hellip; <\/p>\n<p class=\"link-more\"><a href=\"https:\/\/etssa.edu.ba\/?page_id=7054\" class=\"more-link\">Read more<span class=\"screen-reader-text\"> &#8220;OGLASNA PLO\u010cA&#8221;<\/span><\/a><\/p>\n","protected":false},"author":1,"featured_media":0,"parent":0,"menu_order":0,"comment_status":"closed","ping_status":"closed","template":"","meta":{"footnotes":""},"_links":{"self":[{"href":"https:\/\/etssa.edu.ba\/index.php?rest_route=\/wp\/v2\/pages\/7054"}],"collection":[{"href":"https:\/\/etssa.edu.ba\/index.php?rest_route=\/wp\/v2\/pages"}],"about":[{"href":"https:\/\/etssa.edu.ba\/index.php?rest_route=\/wp\/v2\/types\/page"}],"author":[{"embeddable":true,"href":"https:\/\/etssa.edu.ba\/index.php?rest_route=\/wp\/v2\/users\/1"}],"replies":[{"embeddable":true,"href":"https:\/\/etssa.edu.ba\/index.php?rest_route=%2Fwp%2Fv2%2Fcomments&post=7054"}],"version-history":[{"count":52,"href":"https:\/\/etssa.edu.ba\/index.php?rest_route=\/wp\/v2\/pages\/7054\/revisions"}],"predecessor-version":[{"id":7353,"href":"https:\/\/etssa.edu.ba\/index.php?rest_route=\/wp\/v2\/pages\/7054\/revisions\/7353"}],"wp:attachment":[{"href":"https:\/\/etssa.edu.ba\/index.php?rest_route=%2Fwp%2Fv2%2Fmedia&parent=7054"}],"curies":[{"name":"wp","href":"https:\/\/api.w.org\/{rel}","templated":true}]}}